{"id":195,"date":"2024-11-01T22:45:23","date_gmt":"2024-11-01T21:45:23","guid":{"rendered":"https:\/\/arcome.be\/?page_id=195"},"modified":"2024-11-04T18:59:01","modified_gmt":"2024-11-04T17:59:01","slug":"sels-de-bain","status":"publish","type":"page","link":"https:\/\/arcome.be\/index.php\/sels-de-bain\/","title":{"rendered":"SELS DE BAIN"},"content":{"rendered":"\n<div class=\"wp-block-media-text is-stacked-on-mobile\"><figure class=\"wp-block-media-text__media\"><img loading=\"lazy\" decoding=\"async\" width=\"389\" height=\"261\" src=\"https:\/\/arcome.be\/wp-content\/uploads\/2024\/11\/sel-de-bains.jpg\" alt=\"\" class=\"wp-image-290 size-full\" srcset=\"https:\/\/arcome.be\/wp-content\/uploads\/2024\/11\/sel-de-bains.jpg 389w, https:\/\/arcome.be\/wp-content\/uploads\/2024\/11\/sel-de-bains-300x201.jpg 300w\" sizes=\"auto, (max-width: 389px) 100vw, 389px\" \/><\/figure><div class=\"wp-block-media-text__content\">\n<p>Prendre un bon bain lorsque nous rentrons chez nous est l&rsquo;un des grands plaisirs de la vie n&rsquo;est-ce pas ? Rien de mieux pour se d\u00e9tendre et \u00e9liminer le stress accumul\u00e9 tout au long de la journ\u00e9e. Pour ce faire, nous pouvons ajouter des sels de bain \u00e0 l&rsquo;eau&#8230;<\/p>\n<\/div><\/div>\n\n\n\n<p><\/p>\n","protected":false},"excerpt":{"rendered":"<p>Prendre un bon bain lorsque nous rentrons chez nous est l&rsquo;un des grands plaisirs de la vie n&rsquo;est-ce pas ? Rien de mieux pour se d\u00e9tendre et \u00e9liminer le stress accumul\u00e9 tout au long de la journ\u00e9e. Pour ce faire, nous pouvons ajouter des sels de bain \u00e0 l&rsquo;eau&#8230;<\/p>\n","protected":false},"author":1,"featured_media":0,"parent":0,"menu_order":0,"comment_status":"closed","ping_status":"closed","template":"","meta":{"_themeisle_gutenberg_block_has_review":false,"footnotes":""},"class_list":["post-195","page","type-page","status-publish","hentry"],"jetpack_sharing_enabled":true,"_links":{"self":[{"href":"https:\/\/arcome.be\/index.php\/wp-json\/wp\/v2\/pages\/195","targetHints":{"allow":["GET"]}}],"collection":[{"href":"https:\/\/arcome.be\/index.php\/wp-json\/wp\/v2\/pages"}],"about":[{"href":"https:\/\/arcome.be\/index.php\/wp-json\/wp\/v2\/types\/page"}],"author":[{"embeddable":true,"href":"https:\/\/arcome.be\/index.php\/wp-json\/wp\/v2\/users\/1"}],"replies":[{"embeddable":true,"href":"https:\/\/arcome.be\/index.php\/wp-json\/wp\/v2\/comments?post=195"}],"version-history":[{"count":3,"href":"https:\/\/arcome.be\/index.php\/wp-json\/wp\/v2\/pages\/195\/revisions"}],"predecessor-version":[{"id":291,"href":"https:\/\/arcome.be\/index.php\/wp-json\/wp\/v2\/pages\/195\/revisions\/291"}],"wp:attachment":[{"href":"https:\/\/arcome.be\/index.php\/wp-json\/wp\/v2\/media?parent=195"}],"curies":[{"name":"wp","href":"https:\/\/api.w.org\/{rel}","templated":true}]}}