{"id":220,"date":"2024-11-02T09:35:00","date_gmt":"2024-11-02T08:35:00","guid":{"rendered":"https:\/\/arcome.be\/?page_id=220"},"modified":"2025-04-27T19:26:52","modified_gmt":"2025-04-27T17:26:52","slug":"bonbonnieres","status":"publish","type":"page","link":"https:\/\/arcome.be\/index.php\/bonbonnieres\/","title":{"rendered":"BONBONNIERES"},"content":{"rendered":"\n<div class=\"wp-block-media-text is-stacked-on-mobile\"><figure class=\"wp-block-media-text__media\"><img loading=\"lazy\" decoding=\"async\" width=\"768\" height=\"1024\" src=\"https:\/\/arcome.be\/wp-content\/uploads\/2025\/04\/bb-768x1024.jpg\" alt=\"\" class=\"wp-image-3757 size-full\" srcset=\"https:\/\/arcome.be\/wp-content\/uploads\/2025\/04\/bb-768x1024.jpg 768w, https:\/\/arcome.be\/wp-content\/uploads\/2025\/04\/bb-225x300.jpg 225w, https:\/\/arcome.be\/wp-content\/uploads\/2025\/04\/bb-1152x1536.jpg 1152w, https:\/\/arcome.be\/wp-content\/uploads\/2025\/04\/bb-1320x1760.jpg 1320w, https:\/\/arcome.be\/wp-content\/uploads\/2025\/04\/bb-600x800.jpg 600w, https:\/\/arcome.be\/wp-content\/uploads\/2025\/04\/bb.jpg 1536w\" sizes=\"auto, (max-width: 768px) 100vw, 768px\" \/><\/figure><div class=\"wp-block-media-text__content\">\n<p>Arc\u00f4me vous propose des bonbonni\u00e8res pour tous types d&rsquo;\u00e9v\u00e8nements&#8230; <\/p>\n\n\n\n<p>N&rsquo;h\u00e9sitez pas \u00e0 nous contacter pour toutes informations et tarifs&#8230;<\/p>\n<\/div><\/div>\n\n\n\n<div style=\"height:25px\" aria-hidden=\"true\" class=\"wp-block-spacer\"><\/div>\n\n\n\n<figure class=\"wp-block-gallery has-nested-images columns-default is-cropped wp-block-gallery-1 is-layout-flex wp-block-gallery-is-layout-flex\">\n<figure class=\"wp-block-image size-large\"><img loading=\"lazy\" decoding=\"async\" width=\"768\" height=\"1024\" data-id=\"3760\" src=\"https:\/\/arcome.be\/wp-content\/uploads\/2025\/04\/bb2-768x1024.jpg\" alt=\"\" class=\"wp-image-3760\" srcset=\"https:\/\/arcome.be\/wp-content\/uploads\/2025\/04\/bb2-768x1024.jpg 768w, https:\/\/arcome.be\/wp-content\/uploads\/2025\/04\/bb2-225x300.jpg 225w, https:\/\/arcome.be\/wp-content\/uploads\/2025\/04\/bb2-1152x1536.jpg 1152w, https:\/\/arcome.be\/wp-content\/uploads\/2025\/04\/bb2-1320x1760.jpg 1320w, https:\/\/arcome.be\/wp-content\/uploads\/2025\/04\/bb2-600x800.jpg 600w, https:\/\/arcome.be\/wp-content\/uploads\/2025\/04\/bb2.jpg 1536w\" sizes=\"auto, (max-width: 768px) 100vw, 768px\" \/><\/figure>\n\n\n\n<figure class=\"wp-block-image size-large\"><img loading=\"lazy\" decoding=\"async\" width=\"768\" height=\"1024\" data-id=\"3762\" src=\"https:\/\/arcome.be\/wp-content\/uploads\/2025\/04\/b3-768x1024.jpg\" alt=\"\" class=\"wp-image-3762\" srcset=\"https:\/\/arcome.be\/wp-content\/uploads\/2025\/04\/b3-768x1024.jpg 768w, https:\/\/arcome.be\/wp-content\/uploads\/2025\/04\/b3-225x300.jpg 225w, https:\/\/arcome.be\/wp-content\/uploads\/2025\/04\/b3-1152x1536.jpg 1152w, https:\/\/arcome.be\/wp-content\/uploads\/2025\/04\/b3-1320x1760.jpg 1320w, https:\/\/arcome.be\/wp-content\/uploads\/2025\/04\/b3-600x800.jpg 600w, https:\/\/arcome.be\/wp-content\/uploads\/2025\/04\/b3.jpg 1536w\" sizes=\"auto, (max-width: 768px) 100vw, 768px\" \/><\/figure>\n\n\n\n<figure class=\"wp-block-image size-large\"><img loading=\"lazy\" decoding=\"async\" width=\"768\" height=\"1024\" data-id=\"3763\" src=\"https:\/\/arcome.be\/wp-content\/uploads\/2025\/04\/bb5-768x1024.jpg\" alt=\"\" class=\"wp-image-3763\" srcset=\"https:\/\/arcome.be\/wp-content\/uploads\/2025\/04\/bb5-768x1024.jpg 768w, https:\/\/arcome.be\/wp-content\/uploads\/2025\/04\/bb5-225x300.jpg 225w, https:\/\/arcome.be\/wp-content\/uploads\/2025\/04\/bb5-1152x1536.jpg 1152w, https:\/\/arcome.be\/wp-content\/uploads\/2025\/04\/bb5-1320x1760.jpg 1320w, https:\/\/arcome.be\/wp-content\/uploads\/2025\/04\/bb5-600x800.jpg 600w, https:\/\/arcome.be\/wp-content\/uploads\/2025\/04\/bb5.jpg 1536w\" sizes=\"auto, (max-width: 768px) 100vw, 768px\" \/><\/figure>\n\n\n\n<figure class=\"wp-block-image size-large\"><img loading=\"lazy\" decoding=\"async\" width=\"768\" height=\"1024\" data-id=\"3764\" src=\"https:\/\/arcome.be\/wp-content\/uploads\/2025\/04\/bb6-768x1024.jpg\" alt=\"\" class=\"wp-image-3764\" srcset=\"https:\/\/arcome.be\/wp-content\/uploads\/2025\/04\/bb6-768x1024.jpg 768w, https:\/\/arcome.be\/wp-content\/uploads\/2025\/04\/bb6-225x300.jpg 225w, https:\/\/arcome.be\/wp-content\/uploads\/2025\/04\/bb6-1152x1536.jpg 1152w, https:\/\/arcome.be\/wp-content\/uploads\/2025\/04\/bb6-1320x1760.jpg 1320w, https:\/\/arcome.be\/wp-content\/uploads\/2025\/04\/bb6-600x800.jpg 600w, https:\/\/arcome.be\/wp-content\/uploads\/2025\/04\/bb6.jpg 1536w\" sizes=\"auto, (max-width: 768px) 100vw, 768px\" \/><\/figure>\n\n\n\n<figure class=\"wp-block-image size-large\"><img loading=\"lazy\" decoding=\"async\" width=\"768\" height=\"1024\" data-id=\"3765\" src=\"https:\/\/arcome.be\/wp-content\/uploads\/2025\/04\/bb7-768x1024.jpg\" alt=\"\" class=\"wp-image-3765\" srcset=\"https:\/\/arcome.be\/wp-content\/uploads\/2025\/04\/bb7-768x1024.jpg 768w, https:\/\/arcome.be\/wp-content\/uploads\/2025\/04\/bb7-225x300.jpg 225w, https:\/\/arcome.be\/wp-content\/uploads\/2025\/04\/bb7-1152x1536.jpg 1152w, https:\/\/arcome.be\/wp-content\/uploads\/2025\/04\/bb7-1320x1760.jpg 1320w, https:\/\/arcome.be\/wp-content\/uploads\/2025\/04\/bb7-600x800.jpg 600w, https:\/\/arcome.be\/wp-content\/uploads\/2025\/04\/bb7.jpg 1536w\" sizes=\"auto, (max-width: 768px) 100vw, 768px\" \/><\/figure>\n\n\n\n<figure class=\"wp-block-image size-large\"><img loading=\"lazy\" decoding=\"async\" width=\"768\" height=\"1024\" data-id=\"3766\" src=\"https:\/\/arcome.be\/wp-content\/uploads\/2025\/04\/bb12-768x1024.jpg\" alt=\"\" class=\"wp-image-3766\" srcset=\"https:\/\/arcome.be\/wp-content\/uploads\/2025\/04\/bb12-768x1024.jpg 768w, https:\/\/arcome.be\/wp-content\/uploads\/2025\/04\/bb12-225x300.jpg 225w, https:\/\/arcome.be\/wp-content\/uploads\/2025\/04\/bb12-1152x1536.jpg 1152w, https:\/\/arcome.be\/wp-content\/uploads\/2025\/04\/bb12-1320x1760.jpg 1320w, https:\/\/arcome.be\/wp-content\/uploads\/2025\/04\/bb12-600x800.jpg 600w, https:\/\/arcome.be\/wp-content\/uploads\/2025\/04\/bb12.jpg 1536w\" sizes=\"auto, (max-width: 768px) 100vw, 768px\" \/><\/figure>\n\n\n\n<figure class=\"wp-block-image size-large\"><img loading=\"lazy\" decoding=\"async\" width=\"1024\" height=\"1024\" data-id=\"3767\" src=\"https:\/\/arcome.be\/wp-content\/uploads\/2025\/04\/bb8-1024x1024.jpg\" alt=\"\" class=\"wp-image-3767\" srcset=\"https:\/\/arcome.be\/wp-content\/uploads\/2025\/04\/bb8-1024x1024.jpg 1024w, https:\/\/arcome.be\/wp-content\/uploads\/2025\/04\/bb8-300x300.jpg 300w, https:\/\/arcome.be\/wp-content\/uploads\/2025\/04\/bb8-150x150.jpg 150w, https:\/\/arcome.be\/wp-content\/uploads\/2025\/04\/bb8-768x768.jpg 768w, https:\/\/arcome.be\/wp-content\/uploads\/2025\/04\/bb8-1536x1536.jpg 1536w, https:\/\/arcome.be\/wp-content\/uploads\/2025\/04\/bb8-1320x1320.jpg 1320w, https:\/\/arcome.be\/wp-content\/uploads\/2025\/04\/bb8-600x600.jpg 600w, https:\/\/arcome.be\/wp-content\/uploads\/2025\/04\/bb8-160x160.jpg 160w, https:\/\/arcome.be\/wp-content\/uploads\/2025\/04\/bb8.jpg 2048w\" sizes=\"auto, (max-width: 1024px) 100vw, 1024px\" \/><\/figure>\n\n\n\n<figure class=\"wp-block-image size-large\"><img loading=\"lazy\" decoding=\"async\" width=\"768\" height=\"1024\" data-id=\"3768\" src=\"https:\/\/arcome.be\/wp-content\/uploads\/2025\/04\/bb11-768x1024.jpg\" alt=\"\" class=\"wp-image-3768\" srcset=\"https:\/\/arcome.be\/wp-content\/uploads\/2025\/04\/bb11-768x1024.jpg 768w, https:\/\/arcome.be\/wp-content\/uploads\/2025\/04\/bb11-225x300.jpg 225w, https:\/\/arcome.be\/wp-content\/uploads\/2025\/04\/bb11-1152x1536.jpg 1152w, https:\/\/arcome.be\/wp-content\/uploads\/2025\/04\/bb11-1320x1760.jpg 1320w, https:\/\/arcome.be\/wp-content\/uploads\/2025\/04\/bb11-600x800.jpg 600w, https:\/\/arcome.be\/wp-content\/uploads\/2025\/04\/bb11.jpg 1536w\" sizes=\"auto, (max-width: 768px) 100vw, 768px\" \/><\/figure>\n\n\n\n<figure class=\"wp-block-image size-large\"><img loading=\"lazy\" decoding=\"async\" width=\"768\" height=\"1024\" data-id=\"3769\" src=\"https:\/\/arcome.be\/wp-content\/uploads\/2025\/04\/bb9-768x1024.jpg\" alt=\"\" class=\"wp-image-3769\" srcset=\"https:\/\/arcome.be\/wp-content\/uploads\/2025\/04\/bb9-768x1024.jpg 768w, https:\/\/arcome.be\/wp-content\/uploads\/2025\/04\/bb9-225x300.jpg 225w, https:\/\/arcome.be\/wp-content\/uploads\/2025\/04\/bb9-1152x1536.jpg 1152w, https:\/\/arcome.be\/wp-content\/uploads\/2025\/04\/bb9-1320x1760.jpg 1320w, https:\/\/arcome.be\/wp-content\/uploads\/2025\/04\/bb9-600x800.jpg 600w, https:\/\/arcome.be\/wp-content\/uploads\/2025\/04\/bb9.jpg 1536w\" sizes=\"auto, (max-width: 768px) 100vw, 768px\" \/><\/figure>\n\n\n\n<figure class=\"wp-block-image size-large\"><img loading=\"lazy\" decoding=\"async\" width=\"768\" height=\"1024\" data-id=\"3770\" src=\"https:\/\/arcome.be\/wp-content\/uploads\/2025\/04\/bb10-768x1024.jpg\" alt=\"\" class=\"wp-image-3770\" srcset=\"https:\/\/arcome.be\/wp-content\/uploads\/2025\/04\/bb10-768x1024.jpg 768w, https:\/\/arcome.be\/wp-content\/uploads\/2025\/04\/bb10-225x300.jpg 225w, https:\/\/arcome.be\/wp-content\/uploads\/2025\/04\/bb10-1152x1536.jpg 1152w, https:\/\/arcome.be\/wp-content\/uploads\/2025\/04\/bb10-1320x1760.jpg 1320w, https:\/\/arcome.be\/wp-content\/uploads\/2025\/04\/bb10-600x800.jpg 600w, https:\/\/arcome.be\/wp-content\/uploads\/2025\/04\/bb10.jpg 1536w\" sizes=\"auto, (max-width: 768px) 100vw, 768px\" \/><\/figure>\n\n\n\n<figure class=\"wp-block-image size-large\"><img loading=\"lazy\" decoding=\"async\" width=\"768\" height=\"1024\" data-id=\"3771\" src=\"https:\/\/arcome.be\/wp-content\/uploads\/2025\/04\/bb13-768x1024.jpg\" alt=\"\" class=\"wp-image-3771\" srcset=\"https:\/\/arcome.be\/wp-content\/uploads\/2025\/04\/bb13-768x1024.jpg 768w, https:\/\/arcome.be\/wp-content\/uploads\/2025\/04\/bb13-225x300.jpg 225w, https:\/\/arcome.be\/wp-content\/uploads\/2025\/04\/bb13-1152x1536.jpg 1152w, https:\/\/arcome.be\/wp-content\/uploads\/2025\/04\/bb13-1320x1760.jpg 1320w, https:\/\/arcome.be\/wp-content\/uploads\/2025\/04\/bb13-600x800.jpg 600w, https:\/\/arcome.be\/wp-content\/uploads\/2025\/04\/bb13.jpg 1536w\" sizes=\"auto, (max-width: 768px) 100vw, 768px\" \/><\/figure>\n\n\n\n<figure class=\"wp-block-image size-large\"><img loading=\"lazy\" decoding=\"async\" width=\"1024\" height=\"1024\" data-id=\"3772\" src=\"https:\/\/arcome.be\/wp-content\/uploads\/2025\/04\/bb14-1024x1024.jpg\" alt=\"\" class=\"wp-image-3772\" srcset=\"https:\/\/arcome.be\/wp-content\/uploads\/2025\/04\/bb14-1024x1024.jpg 1024w, https:\/\/arcome.be\/wp-content\/uploads\/2025\/04\/bb14-300x300.jpg 300w, https:\/\/arcome.be\/wp-content\/uploads\/2025\/04\/bb14-150x150.jpg 150w, https:\/\/arcome.be\/wp-content\/uploads\/2025\/04\/bb14-768x768.jpg 768w, https:\/\/arcome.be\/wp-content\/uploads\/2025\/04\/bb14-1536x1536.jpg 1536w, https:\/\/arcome.be\/wp-content\/uploads\/2025\/04\/bb14-1320x1320.jpg 1320w, https:\/\/arcome.be\/wp-content\/uploads\/2025\/04\/bb14-600x600.jpg 600w, https:\/\/arcome.be\/wp-content\/uploads\/2025\/04\/bb14-160x160.jpg 160w, https:\/\/arcome.be\/wp-content\/uploads\/2025\/04\/bb14.jpg 2048w\" sizes=\"auto, (max-width: 1024px) 100vw, 1024px\" \/><\/figure>\n<\/figure>\n\n\n\n<div style=\"height:25px\" aria-hidden=\"true\" class=\"wp-block-spacer\"><\/div>\n","protected":false},"excerpt":{"rendered":"<p>Arc\u00f4me vous propose des bonbonni\u00e8res pour tous types d&rsquo;\u00e9v\u00e8nements&#8230; N&rsquo;h\u00e9sitez pas \u00e0 nous contacter pour toutes informations et tarifs&#8230;<\/p>\n","protected":false},"author":1,"featured_media":0,"parent":0,"menu_order":0,"comment_status":"closed","ping_status":"closed","template":"","meta":{"_themeisle_gutenberg_block_has_review":false,"footnotes":""},"class_list":["post-220","page","type-page","status-publish","hentry"],"jetpack_sharing_enabled":true,"_links":{"self":[{"href":"https:\/\/arcome.be\/index.php\/wp-json\/wp\/v2\/pages\/220","targetHints":{"allow":["GET"]}}],"collection":[{"href":"https:\/\/arcome.be\/index.php\/wp-json\/wp\/v2\/pages"}],"about":[{"href":"https:\/\/arcome.be\/index.php\/wp-json\/wp\/v2\/types\/page"}],"author":[{"embeddable":true,"href":"https:\/\/arcome.be\/index.php\/wp-json\/wp\/v2\/users\/1"}],"replies":[{"embeddable":true,"href":"https:\/\/arcome.be\/index.php\/wp-json\/wp\/v2\/comments?post=220"}],"version-history":[{"count":7,"href":"https:\/\/arcome.be\/index.php\/wp-json\/wp\/v2\/pages\/220\/revisions"}],"predecessor-version":[{"id":3775,"href":"https:\/\/arcome.be\/index.php\/wp-json\/wp\/v2\/pages\/220\/revisions\/3775"}],"wp:attachment":[{"href":"https:\/\/arcome.be\/index.php\/wp-json\/wp\/v2\/media?parent=220"}],"curies":[{"name":"wp","href":"https:\/\/api.w.org\/{rel}","templated":true}]}}