{"id":224,"date":"2024-11-02T09:38:13","date_gmt":"2024-11-02T08:38:13","guid":{"rendered":"https:\/\/arcome.be\/?page_id=224"},"modified":"2024-12-03T21:17:41","modified_gmt":"2024-12-03T20:17:41","slug":"editions-limitees","status":"publish","type":"page","link":"https:\/\/arcome.be\/index.php\/editions-limitees\/","title":{"rendered":"EDITIONS LIMITEES"},"content":{"rendered":"\n<p>D\u00e9couvrez nos \u00e9ditions limit\u00e9es dans notre boutique en ligne dans l&rsquo;onglet \u00ab\u00a0Editions limit\u00e9es\u00a0\u00bb &#8230;<\/p>\n\n\n\n<figure class=\"wp-block-gallery has-nested-images columns-default is-cropped wp-block-gallery-1 is-layout-flex wp-block-gallery-is-layout-flex\">\n<figure class=\"wp-block-image size-large\"><img loading=\"lazy\" decoding=\"async\" width=\"1024\" height=\"1024\" data-id=\"3422\" src=\"https:\/\/arcome.be\/wp-content\/uploads\/2024\/12\/EL-Noel-1-1024x1024.jpg\" alt=\"\" class=\"wp-image-3422\" srcset=\"https:\/\/arcome.be\/wp-content\/uploads\/2024\/12\/EL-Noel-1-1024x1024.jpg 1024w, https:\/\/arcome.be\/wp-content\/uploads\/2024\/12\/EL-Noel-1-300x300.jpg 300w, https:\/\/arcome.be\/wp-content\/uploads\/2024\/12\/EL-Noel-1-150x150.jpg 150w, https:\/\/arcome.be\/wp-content\/uploads\/2024\/12\/EL-Noel-1-768x768.jpg 768w, https:\/\/arcome.be\/wp-content\/uploads\/2024\/12\/EL-Noel-1-1536x1536.jpg 1536w, https:\/\/arcome.be\/wp-content\/uploads\/2024\/12\/EL-Noel-1-1320x1320.jpg 1320w, https:\/\/arcome.be\/wp-content\/uploads\/2024\/12\/EL-Noel-1-600x600.jpg 600w, https:\/\/arcome.be\/wp-content\/uploads\/2024\/12\/EL-Noel-1-160x160.jpg 160w, https:\/\/arcome.be\/wp-content\/uploads\/2024\/12\/EL-Noel-1.jpg 2048w\" sizes=\"auto, (max-width: 1024px) 100vw, 1024px\" \/><\/figure>\n\n\n\n<figure class=\"wp-block-image size-large\"><img loading=\"lazy\" decoding=\"async\" width=\"1024\" height=\"1024\" data-id=\"3421\" src=\"https:\/\/arcome.be\/wp-content\/uploads\/2024\/12\/EL-Noel2-1024x1024.jpg\" alt=\"\" class=\"wp-image-3421\" srcset=\"https:\/\/arcome.be\/wp-content\/uploads\/2024\/12\/EL-Noel2-1024x1024.jpg 1024w, https:\/\/arcome.be\/wp-content\/uploads\/2024\/12\/EL-Noel2-300x300.jpg 300w, https:\/\/arcome.be\/wp-content\/uploads\/2024\/12\/EL-Noel2-150x150.jpg 150w, https:\/\/arcome.be\/wp-content\/uploads\/2024\/12\/EL-Noel2-768x768.jpg 768w, https:\/\/arcome.be\/wp-content\/uploads\/2024\/12\/EL-Noel2-1536x1536.jpg 1536w, https:\/\/arcome.be\/wp-content\/uploads\/2024\/12\/EL-Noel2-1320x1320.jpg 1320w, https:\/\/arcome.be\/wp-content\/uploads\/2024\/12\/EL-Noel2-600x600.jpg 600w, https:\/\/arcome.be\/wp-content\/uploads\/2024\/12\/EL-Noel2-160x160.jpg 160w, https:\/\/arcome.be\/wp-content\/uploads\/2024\/12\/EL-Noel2.jpg 1600w\" sizes=\"auto, (max-width: 1024px) 100vw, 1024px\" \/><\/figure>\n<\/figure>\n\n\n\n<hr class=\"wp-block-separator has-alpha-channel-opacity\"\/>\n","protected":false},"excerpt":{"rendered":"<p>D\u00e9couvrez nos \u00e9ditions limit\u00e9es dans notre boutique en ligne dans l&rsquo;onglet \u00ab\u00a0Editions limit\u00e9es\u00a0\u00bb &#8230;<\/p>\n","protected":false},"author":1,"featured_media":0,"parent":0,"menu_order":0,"comment_status":"closed","ping_status":"closed","template":"","meta":{"_themeisle_gutenberg_block_has_review":false,"footnotes":""},"class_list":["post-224","page","type-page","status-publish","hentry"],"jetpack_sharing_enabled":true,"_links":{"self":[{"href":"https:\/\/arcome.be\/index.php\/wp-json\/wp\/v2\/pages\/224","targetHints":{"allow":["GET"]}}],"collection":[{"href":"https:\/\/arcome.be\/index.php\/wp-json\/wp\/v2\/pages"}],"about":[{"href":"https:\/\/arcome.be\/index.php\/wp-json\/wp\/v2\/types\/page"}],"author":[{"embeddable":true,"href":"https:\/\/arcome.be\/index.php\/wp-json\/wp\/v2\/users\/1"}],"replies":[{"embeddable":true,"href":"https:\/\/arcome.be\/index.php\/wp-json\/wp\/v2\/comments?post=224"}],"version-history":[{"count":6,"href":"https:\/\/arcome.be\/index.php\/wp-json\/wp\/v2\/pages\/224\/revisions"}],"predecessor-version":[{"id":3429,"href":"https:\/\/arcome.be\/index.php\/wp-json\/wp\/v2\/pages\/224\/revisions\/3429"}],"wp:attachment":[{"href":"https:\/\/arcome.be\/index.php\/wp-json\/wp\/v2\/media?parent=224"}],"curies":[{"name":"wp","href":"https:\/\/api.w.org\/{rel}","templated":true}]}}